{"id":3332,"date":"2020-12-10T13:14:43","date_gmt":"2020-12-10T13:14:43","guid":{"rendered":"http:\/\/revoltfood.com\/?page_id=3332"},"modified":"2022-02-26T15:20:57","modified_gmt":"2022-02-26T15:20:57","slug":"gardens","status":"publish","type":"page","link":"https:\/\/revoltfood.com\/es_es\/gardens\/","title":{"rendered":"HUERTAS"},"content":{"rendered":"<div class=\"flex_column av_one_full  flex_column_div av-zero-column-padding first\" style='border-radius:0px; '><section class=\"av_textblock_section\"  itemscope=\"itemscope\" itemtype=\"https:\/\/schema.org\/CreativeWork\" ><div class='avia_textblock'   itemprop=\"text\" ><h1 style=\"text-align: center;\"><span style=\"font-weight: 400;\">HUERTAS<\/span><\/h1>\n<\/div><\/section><br \/>\n<div class='avia-image-container  av-styling-    avia-align-center'  itemprop=\"ImageObject\" itemscope=\"itemscope\" itemtype=\"https:\/\/schema.org\/ImageObject\"  ><div class='avia-image-container-inner'><div class='avia-image-overlay-wrap'><img class='avia_image' src='https:\/\/revoltfood.com\/wp-content\/uploads\/2020\/12\/Abuelo-Jose\u0301-Sa\u0301nchez-1-200x300.jpeg' alt='' title='Abuelo Jose\u0301 Sa\u0301nchez 1' height=\"300\" width=\"200\"  itemprop=\"thumbnailUrl\"  \/><\/div><\/div><\/div><\/p><\/div>\n<div class=\"flex_column av_one_half  flex_column_div av-zero-column-padding first\" style='border-radius:0px; '><section class=\"av_textblock_section\"  itemscope=\"itemscope\" itemtype=\"https:\/\/schema.org\/CreativeWork\" ><div class='avia_textblock'   itemprop=\"text\" ><h3><span style=\"font-weight: 400;\">&#8220;LA HUERTEZUELA&#8221;<\/span><\/h3>\n<p><span style=\"font-weight: 400;\">Nuestra cosecha 2021\/22 procede de \u201cLa Huertezuela\u201d, un olivar rescatado que cultiva variedades aut\u00f3ctonas de hojiblanca, manzanilla y lech\u00edn.<\/span><span style=\"font-weight: 400;\"><br \/>\n<\/span><span style=\"font-weight: 400;\">Se encuentra en las sinuosas colinas cercanas a uno de los Pueblos Blancos, El Gastor, en la parte m\u00e1s septentrional de la provincia de C\u00e1diz.<\/span><\/p>\n<p><span style=\"font-weight: 400;\">Este olivar, por herencia familiar, pertenece a Jos\u00e9 (94), padre de seis hijos y abuelo de nueve.<\/span><span style=\"font-weight: 400;\"><br \/>\n<\/span><span style=\"font-weight: 400;\">Ha sido carpintero y, con la ayuda de su familia, olivarero a tiempo parcial toda su vida. Trabaj\u00f3 el olivar de manera tradicional, arando la tierra y usando urea, un compuesto org\u00e1nico que contiene nitr\u00f3geno, una vez al a\u00f1o, un h\u00e1bito que abandon\u00f3 el a\u00f1o pasado.<\/span><\/p>\n<p><span style=\"font-weight: 400;\">Trabajando con <\/span><span style=\"font-weight: 400;\">REVOLT<\/span><span style=\"font-weight: 400;\">, los olivares que participan en el proyecto tienen que cumplir con las normas de la agricultura ecol\u00f3gica, dejar de lado las t\u00e9cnicas convencionales y poner en valor aquellos olivos viejos que antes fueron arrancados y sustituidos por variedades h\u00edbridas.<\/span><\/p>\n<p><span style=\"font-weight: 400;\">Con vuestra y nuestra ayuda, Jos\u00e9 y su familia obtendr\u00e1n la ecocertificaci\u00f3n de su olivar y la apuesta por un ecosistema saludable dar\u00e1 sus frutos.<\/span><\/p>\n<\/div><\/section><\/div>\n<div class=\"flex_column av_one_full  flex_column_div av-zero-column-padding first\" style='border-radius:0px; '><\/div>\n<div class=\"flex_column av_one_full  flex_column_div av-zero-column-padding first\" style='border-radius:0px; '><\/div>","protected":false},"excerpt":{"rendered":"","protected":false},"author":1,"featured_media":0,"parent":0,"menu_order":0,"comment_status":"closed","ping_status":"closed","template":"","meta":{"footnotes":""},"class_list":["post-3332","page","type-page","status-publish","hentry"],"jetpack_sharing_enabled":true,"_links":{"self":[{"href":"https:\/\/revoltfood.com\/es_es\/wp-json\/wp\/v2\/pages\/3332","targetHints":{"allow":["GET"]}}],"collection":[{"href":"https:\/\/revoltfood.com\/es_es\/wp-json\/wp\/v2\/pages"}],"about":[{"href":"https:\/\/revoltfood.com\/es_es\/wp-json\/wp\/v2\/types\/page"}],"author":[{"embeddable":true,"href":"https:\/\/revoltfood.com\/es_es\/wp-json\/wp\/v2\/users\/1"}],"replies":[{"embeddable":true,"href":"https:\/\/revoltfood.com\/es_es\/wp-json\/wp\/v2\/comments?post=3332"}],"version-history":[{"count":10,"href":"https:\/\/revoltfood.com\/es_es\/wp-json\/wp\/v2\/pages\/3332\/revisions"}],"predecessor-version":[{"id":4053,"href":"https:\/\/revoltfood.com\/es_es\/wp-json\/wp\/v2\/pages\/3332\/revisions\/4053"}],"wp:attachment":[{"href":"https:\/\/revoltfood.com\/es_es\/wp-json\/wp\/v2\/media?parent=3332"}],"curies":[{"name":"wp","href":"https:\/\/api.w.org\/{rel}","templated":true}]}}

<div class="flex_column av_one_full  flex_column_div av-zero-column-padding first" style='border-radius:0px; '><section class="av_textblock_section"  itemscope="itemscope" itemtype="https://schema.org/CreativeWork" ><div class='avia_textblock'   itemprop="text" ><h1 style="text-align: center;"><span style="font-weight: 400;">HUERTAS</span></h1>
</div></section><br />
<div class='avia-image-container  av-styling-    avia-align-center'  itemprop="ImageObject" itemscope="itemscope" itemtype="https://schema.org/ImageObject"  ><div class='avia-image-container-inner'><div class='avia-image-overlay-wrap'><img class='avia_image' src='https://revoltfood.com/wp-content/uploads/2020/12/Abuelo-José-Sánchez-1-200x300.jpeg' alt='' title='Abuelo José Sánchez 1' height="300" width="200"  itemprop="thumbnailUrl"  /></div></div></div></p></div>
<div class="flex_column av_one_half  flex_column_div av-zero-column-padding first" style='border-radius:0px; '><section class="av_textblock_section"  itemscope="itemscope" itemtype="https://schema.org/CreativeWork" ><div class='avia_textblock'   itemprop="text" ><h3><span style="font-weight: 400;">&#8220;LA HUERTEZUELA&#8221;</span></h3>
<p><span style="font-weight: 400;">Nuestra cosecha 2021/22 procede de “La Huertezuela”, un olivar rescatado que cultiva variedades autóctonas de hojiblanca, manzanilla y lechín.</span><span style="font-weight: 400;"><br />
</span><span style="font-weight: 400;">Se encuentra en las sinuosas colinas cercanas a uno de los Pueblos Blancos, El Gastor, en la parte más septentrional de la provincia de Cádiz.</span></p>
<p><span style="font-weight: 400;">Este olivar, por herencia familiar, pertenece a José (94), padre de seis hijos y abuelo de nueve.</span><span style="font-weight: 400;"><br />
</span><span style="font-weight: 400;">Ha sido carpintero y, con la ayuda de su familia, olivarero a tiempo parcial toda su vida. Trabajó el olivar de manera tradicional, arando la tierra y usando urea, un compuesto orgánico que contiene nitrógeno, una vez al año, un hábito que abandonó el año pasado.</span></p>
<p><span style="font-weight: 400;">Trabajando con </span><span style="font-weight: 400;">REVOLT</span><span style="font-weight: 400;">, los olivares que participan en el proyecto tienen que cumplir con las normas de la agricultura ecológica, dejar de lado las técnicas convencionales y poner en valor aquellos olivos viejos que antes fueron arrancados y sustituidos por variedades híbridas.</span></p>
<p><span style="font-weight: 400;">Con vuestra y nuestra ayuda, José y su familia obtendrán la ecocertificación de su olivar y la apuesta por un ecosistema saludable dará sus frutos.</span></p>
</div></section></div>
<div class="flex_column av_one_full  flex_column_div av-zero-column-padding first" style='border-radius:0px; '></div>
<div class="flex_column av_one_full  flex_column_div av-zero-column-padding first" style='border-radius:0px; '></div>
